{"id":87,"date":"2021-01-11T21:43:58","date_gmt":"2021-01-11T21:43:58","guid":{"rendered":"http:\/\/www.cosquiclowns.com\/?page_id=87"},"modified":"2024-03-21T17:36:41","modified_gmt":"2024-03-21T17:36:41","slug":"entidades-colaboradoras","status":"publish","type":"page","link":"https:\/\/www.cosquiclowns.com\/index.php\/entidades-colaboradoras\/","title":{"rendered":"Entidades colaboradoras"},"content":{"rendered":"\n<p>Colabora con nosotros y ay\u00fadanos a continuar con nuestro proyecto, para acercarlo a todas las personas que necesiten una Sonrisa Cosquiclowns. <\/p>\n\n\n\n<p>Formas de colaboraci\u00f3n:<\/p>\n\n\n\n<p class=\"has-bright-blue-color has-text-color has-normal-font-size\"><strong>SOCIO COLABORADOR SOLIDARIO<\/strong><\/p>\n\n\n\n<p>Entidad que realice una aportaci\u00f3n econ\u00f3mica anual para sostener el proyecto global o espec\u00edfico. Se le dar\u00e1 una acreditaci\u00f3n, visibilidad en nuestra Web con enlace a la suya, y la posibilidad de usar un anagrama del proyecto en sus comunicaciones.<\/p>\n\n\n\n<p class=\"has-bright-blue-color has-text-color has-normal-font-size\"><strong>DONANTE<\/strong> <\/p>\n\n\n\n<p>Entidad que realice una aportaci\u00f3n econ\u00f3mica puntual para financiar el proyecto global o espec\u00edfico. Recibir\u00e1 a cambio una acreditaci\u00f3n y visibilidad en nuestra Web con enlace a la suya. <\/p>\n\n\n<div class=\"wp-block-image\">\n<figure class=\"aligncenter size-large is-resized\"><img loading=\"lazy\" decoding=\"async\" src=\"https:\/\/www.cosquiclowns.com\/wp-content\/uploads\/2021\/02\/IMG_20190501_001241_196-1024x1024.jpg\" alt=\"Los Cosquiclowns Monolito y Lunares muestran un donativo de parte de los trabajadores de Thyssenkrupp Mieres.\" class=\"wp-image-180\" width=\"512\" height=\"512\" srcset=\"https:\/\/www.cosquiclowns.com\/wp-content\/uploads\/2021\/02\/IMG_20190501_001241_196-1024x1024.jpg 1024w, https:\/\/www.cosquiclowns.com\/wp-content\/uploads\/2021\/02\/IMG_20190501_001241_196-300x300.jpg 300w, https:\/\/www.cosquiclowns.com\/wp-content\/uploads\/2021\/02\/IMG_20190501_001241_196-150x150.jpg 150w, https:\/\/www.cosquiclowns.com\/wp-content\/uploads\/2021\/02\/IMG_20190501_001241_196-768x768.jpg 768w, https:\/\/www.cosquiclowns.com\/wp-content\/uploads\/2021\/02\/IMG_20190501_001241_196.jpg 1200w\" sizes=\"auto, (max-width: 512px) 85vw, 512px\" \/><figcaption class=\"wp-element-caption\">Monolito y Lunares reciben un donativo de parte de trabajadores de Thyssenkrupp (Mieres, Asturias)<\/figcaption><\/figure>\n<\/div>\n\n\n<p class=\"has-bright-blue-color has-text-color has-normal-font-size\"><strong>PATROCINADOR<\/strong><\/p>\n\n\n\n<p>Entidad que financie alguno de nuestros proyectos. Se le dar\u00e1 visibilidad en nuestra Web con enlace a la suya, y la presencia de su imagen en nuestros soportes de comunicaci\u00f3n.<\/p>\n\n\n\n<p class=\"has-bright-blue-color has-text-color has-normal-font-size\"><strong>PROVEEDOR OFICIAL de productos o servicios<\/strong><\/p>\n\n\n\n<p>Entidad que quiera donar productos o prestar servicios a nuestra asociaci\u00f3n a cambio de visibilidad en nuestra Web con enlace a la suya.<\/p>\n\n\n\n<p class=\"has-bright-blue-color has-text-color\">Para m\u00e1s informaci\u00f3n o propuestas de colaboraci\u00f3n ponte en contacto con nosotros mediante email a <strong>colaboradores@cosquiclowns.com<\/strong><\/p>\n\n\n\n<p class=\"has-bright-red-color has-text-color has-medium-font-size\"><strong><a href=\"https:\/\/www.cosquiclowns.com\/index.php\/fmss-ayuntamiento-de-gijon\/\">Colaboradores<\/a><\/strong><\/p>\n","protected":false},"excerpt":{"rendered":"<p>Colabora con nosotros y ay\u00fadanos a continuar con nuestro proyecto, para acercarlo a todas las personas que necesiten una Sonrisa Cosquiclowns. Formas de colaboraci\u00f3n: SOCIO COLABORADOR SOLIDARIO Entidad que realice una aportaci\u00f3n econ\u00f3mica anual para sostener el proyecto global o espec\u00edfico. Se le dar\u00e1 una acreditaci\u00f3n, visibilidad en nuestra Web con enlace a la suya, &hellip; <a href=\"https:\/\/www.cosquiclowns.com\/index.php\/entidades-colaboradoras\/\" class=\"more-link\">Continuar leyendo<span class=\"screen-reader-text\"> \u00abEntidades colaboradoras\u00bb<\/span><\/a><\/p>\n","protected":false},"author":1,"featured_media":0,"parent":0,"menu_order":0,"comment_status":"closed","ping_status":"closed","template":"","meta":{"footnotes":""},"class_list":["post-87","page","type-page","status-publish","hentry"],"yoast_head":"<!-- This site is optimized with the Yoast SEO plugin v20.7 - https:\/\/yoast.com\/wordpress\/plugins\/seo\/ -->\n<title>Entidades colaboradoras - Cosquiclowns<\/title>\n<meta name=\"description\" content=\"Colabora con nosotros y ay\u00fadanos a continuar con nuestro proyecto, para acercarlo a todas las personas que necesiten una Sonrisa Cosquiclowns. Formas de\" \/>\n<meta name=\"robots\" content=\"index, follow, max-snippet:-1, max-image-preview:large, max-video-preview:-1\" \/>\n<link rel=\"canonical\" href=\"https:\/\/www.cosquiclowns.com\/index.php\/entidades-colaboradoras\/\" \/>\n<meta property=\"og:locale\" content=\"es_ES\" \/>\n<meta property=\"og:type\" content=\"article\" \/>\n<meta property=\"og:title\" content=\"Entidades colaboradoras - Cosquiclowns\" \/>\n<meta property=\"og:description\" content=\"Colabora con nosotros y ay\u00fadanos a continuar con nuestro proyecto, para acercarlo a todas las personas que necesiten una Sonrisa Cosquiclowns. Formas de\" \/>\n<meta property=\"og:url\" content=\"https:\/\/www.cosquiclowns.com\/index.php\/entidades-colaboradoras\/\" \/>\n<meta property=\"og:site_name\" content=\"COSQUICLOWNS\" \/>\n<meta property=\"article:modified_time\" content=\"2024-03-21T17:36:41+00:00\" \/>\n<meta property=\"og:image\" content=\"https:\/\/www.cosquiclowns.com\/wp-content\/uploads\/2021\/02\/IMG_20190501_001241_196-1024x1024.jpg\" \/>\n<meta name=\"twitter:card\" content=\"summary_large_image\" \/>\n<meta name=\"twitter:label1\" content=\"Tiempo de lectura\" \/>\n\t<meta name=\"twitter:data1\" content=\"2 minutos\" \/>\n<script type=\"application\/ld+json\" class=\"yoast-schema-graph\">{\"@context\":\"https:\/\/schema.org\",\"@graph\":[{\"@type\":\"WebPage\",\"@id\":\"https:\/\/www.cosquiclowns.com\/index.php\/entidades-colaboradoras\/\",\"url\":\"https:\/\/www.cosquiclowns.com\/index.php\/entidades-colaboradoras\/\",\"name\":\"Entidades colaboradoras - Cosquiclowns\",\"isPartOf\":{\"@id\":\"https:\/\/www.cosquiclowns.com\/#website\"},\"datePublished\":\"2021-01-11T21:43:58+00:00\",\"dateModified\":\"2024-03-21T17:36:41+00:00\",\"description\":\"Colabora con nosotros y ay\u00fadanos a continuar con nuestro proyecto, para acercarlo a todas las personas que necesiten una Sonrisa Cosquiclowns. Formas de\",\"breadcrumb\":{\"@id\":\"https:\/\/www.cosquiclowns.com\/index.php\/entidades-colaboradoras\/#breadcrumb\"},\"inLanguage\":\"es\",\"potentialAction\":[{\"@type\":\"ReadAction\",\"target\":[\"https:\/\/www.cosquiclowns.com\/index.php\/entidades-colaboradoras\/\"]}]},{\"@type\":\"BreadcrumbList\",\"@id\":\"https:\/\/www.cosquiclowns.com\/index.php\/entidades-colaboradoras\/#breadcrumb\",\"itemListElement\":[{\"@type\":\"ListItem\",\"position\":1,\"name\":\"Portada\",\"item\":\"https:\/\/www.cosquiclowns.com\/\"},{\"@type\":\"ListItem\",\"position\":2,\"name\":\"Entidades colaboradoras\"}]},{\"@type\":\"WebSite\",\"@id\":\"https:\/\/www.cosquiclowns.com\/#website\",\"url\":\"https:\/\/www.cosquiclowns.com\/\",\"name\":\"COSQUICLOWNS\",\"description\":\"payasos hospitalarios y asistenciales\",\"publisher\":{\"@id\":\"https:\/\/www.cosquiclowns.com\/#organization\"},\"potentialAction\":[{\"@type\":\"SearchAction\",\"target\":{\"@type\":\"EntryPoint\",\"urlTemplate\":\"https:\/\/www.cosquiclowns.com\/?s={search_term_string}\"},\"query-input\":\"required name=search_term_string\"}],\"inLanguage\":\"es\"},{\"@type\":\"Organization\",\"@id\":\"https:\/\/www.cosquiclowns.com\/#organization\",\"name\":\"Asociaci\u00f3n Cosquiclowns\",\"url\":\"https:\/\/www.cosquiclowns.com\/\",\"logo\":{\"@type\":\"ImageObject\",\"inLanguage\":\"es\",\"@id\":\"https:\/\/www.cosquiclowns.com\/#\/schema\/logo\/image\/\",\"url\":\"https:\/\/www.cosquiclowns.com\/wp-content\/uploads\/2020\/12\/cropped-COSQUICLOWNS-Logo-scaled-1.jpg\",\"contentUrl\":\"https:\/\/www.cosquiclowns.com\/wp-content\/uploads\/2020\/12\/cropped-COSQUICLOWNS-Logo-scaled-1.jpg\",\"width\":512,\"height\":512,\"caption\":\"Asociaci\u00f3n Cosquiclowns\"},\"image\":{\"@id\":\"https:\/\/www.cosquiclowns.com\/#\/schema\/logo\/image\/\"}}]}<\/script>\n<!-- \/ Yoast SEO plugin. -->","yoast_head_json":{"title":"Entidades colaboradoras - Cosquiclowns","description":"Colabora con nosotros y ay\u00fadanos a continuar con nuestro proyecto, para acercarlo a todas las personas que necesiten una Sonrisa Cosquiclowns. Formas de","robots":{"index":"index","follow":"follow","max-snippet":"max-snippet:-1","max-image-preview":"max-image-preview:large","max-video-preview":"max-video-preview:-1"},"canonical":"https:\/\/www.cosquiclowns.com\/index.php\/entidades-colaboradoras\/","og_locale":"es_ES","og_type":"article","og_title":"Entidades colaboradoras - Cosquiclowns","og_description":"Colabora con nosotros y ay\u00fadanos a continuar con nuestro proyecto, para acercarlo a todas las personas que necesiten una Sonrisa Cosquiclowns. Formas de","og_url":"https:\/\/www.cosquiclowns.com\/index.php\/entidades-colaboradoras\/","og_site_name":"COSQUICLOWNS","article_modified_time":"2024-03-21T17:36:41+00:00","og_image":[{"url":"https:\/\/www.cosquiclowns.com\/wp-content\/uploads\/2021\/02\/IMG_20190501_001241_196-1024x1024.jpg"}],"twitter_card":"summary_large_image","twitter_misc":{"Tiempo de lectura":"2 minutos"},"schema":{"@context":"https:\/\/schema.org","@graph":[{"@type":"WebPage","@id":"https:\/\/www.cosquiclowns.com\/index.php\/entidades-colaboradoras\/","url":"https:\/\/www.cosquiclowns.com\/index.php\/entidades-colaboradoras\/","name":"Entidades colaboradoras - Cosquiclowns","isPartOf":{"@id":"https:\/\/www.cosquiclowns.com\/#website"},"datePublished":"2021-01-11T21:43:58+00:00","dateModified":"2024-03-21T17:36:41+00:00","description":"Colabora con nosotros y ay\u00fadanos a continuar con nuestro proyecto, para acercarlo a todas las personas que necesiten una Sonrisa Cosquiclowns. Formas de","breadcrumb":{"@id":"https:\/\/www.cosquiclowns.com\/index.php\/entidades-colaboradoras\/#breadcrumb"},"inLanguage":"es","potentialAction":[{"@type":"ReadAction","target":["https:\/\/www.cosquiclowns.com\/index.php\/entidades-colaboradoras\/"]}]},{"@type":"BreadcrumbList","@id":"https:\/\/www.cosquiclowns.com\/index.php\/entidades-colaboradoras\/#breadcrumb","itemListElement":[{"@type":"ListItem","position":1,"name":"Portada","item":"https:\/\/www.cosquiclowns.com\/"},{"@type":"ListItem","position":2,"name":"Entidades colaboradoras"}]},{"@type":"WebSite","@id":"https:\/\/www.cosquiclowns.com\/#website","url":"https:\/\/www.cosquiclowns.com\/","name":"COSQUICLOWNS","description":"payasos hospitalarios y asistenciales","publisher":{"@id":"https:\/\/www.cosquiclowns.com\/#organization"},"potentialAction":[{"@type":"SearchAction","target":{"@type":"EntryPoint","urlTemplate":"https:\/\/www.cosquiclowns.com\/?s={search_term_string}"},"query-input":"required name=search_term_string"}],"inLanguage":"es"},{"@type":"Organization","@id":"https:\/\/www.cosquiclowns.com\/#organization","name":"Asociaci\u00f3n Cosquiclowns","url":"https:\/\/www.cosquiclowns.com\/","logo":{"@type":"ImageObject","inLanguage":"es","@id":"https:\/\/www.cosquiclowns.com\/#\/schema\/logo\/image\/","url":"https:\/\/www.cosquiclowns.com\/wp-content\/uploads\/2020\/12\/cropped-COSQUICLOWNS-Logo-scaled-1.jpg","contentUrl":"https:\/\/www.cosquiclowns.com\/wp-content\/uploads\/2020\/12\/cropped-COSQUICLOWNS-Logo-scaled-1.jpg","width":512,"height":512,"caption":"Asociaci\u00f3n Cosquiclowns"},"image":{"@id":"https:\/\/www.cosquiclowns.com\/#\/schema\/logo\/image\/"}}]}},"_links":{"self":[{"href":"https:\/\/www.cosquiclowns.com\/index.php\/wp-json\/wp\/v2\/pages\/87","targetHints":{"allow":["GET"]}}],"collection":[{"href":"https:\/\/www.cosquiclowns.com\/index.php\/wp-json\/wp\/v2\/pages"}],"about":[{"href":"https:\/\/www.cosquiclowns.com\/index.php\/wp-json\/wp\/v2\/types\/page"}],"author":[{"embeddable":true,"href":"https:\/\/www.cosquiclowns.com\/index.php\/wp-json\/wp\/v2\/users\/1"}],"replies":[{"embeddable":true,"href":"https:\/\/www.cosquiclowns.com\/index.php\/wp-json\/wp\/v2\/comments?post=87"}],"version-history":[{"count":7,"href":"https:\/\/www.cosquiclowns.com\/index.php\/wp-json\/wp\/v2\/pages\/87\/revisions"}],"predecessor-version":[{"id":523,"href":"https:\/\/www.cosquiclowns.com\/index.php\/wp-json\/wp\/v2\/pages\/87\/revisions\/523"}],"wp:attachment":[{"href":"https:\/\/www.cosquiclowns.com\/index.php\/wp-json\/wp\/v2\/media?parent=87"}],"curies":[{"name":"wp","href":"https:\/\/api.w.org\/{rel}","templated":true}]}}